{"id":53,"date":"2015-09-08T08:13:40","date_gmt":"2015-09-08T11:13:40","guid":{"rendered":"https:\/\/www.aresb.com.br\/portal\/?page_id=53"},"modified":"2020-10-11T19:19:41","modified_gmt":"2020-10-11T22:19:41","slug":"ficha-cadastral","status":"publish","type":"page","link":"https:\/\/www.aresb.com.br\/portal\/ficha-cadastral\/","title":{"rendered":"Ficha Cadastral"},"content":{"rendered":"<div class=\"wpb-content-wrapper\">[vc_row][vc_column]<div role=\"form\" class=\"wpcf7\" id=\"wpcf7-f1658-o1\" lang=\"pt-BR\" dir=\"ltr\">\n<div class=\"screen-reader-response\"><p role=\"status\" aria-live=\"polite\" aria-atomic=\"true\"><\/p> <ul><\/ul><\/div>\n<form action=\"\/portal\/wp-json\/wp\/v2\/pages\/53#wpcf7-f1658-o1\" method=\"post\" class=\"wpcf7-form init\" novalidate=\"novalidate\" data-status=\"init\">\n<div style=\"display: none;\">\n<input type=\"hidden\" name=\"_wpcf7\" value=\"1658\" \/>\n<input type=\"hidden\" name=\"_wpcf7_version\" value=\"5.4.2\" \/>\n<input type=\"hidden\" name=\"_wpcf7_locale\" value=\"pt_BR\" \/>\n<input type=\"hidden\" name=\"_wpcf7_unit_tag\" value=\"wpcf7-f1658-o1\" \/>\n<input type=\"hidden\" name=\"_wpcf7_container_post\" value=\"0\" \/>\n<input type=\"hidden\" name=\"_wpcf7_posted_data_hash\" value=\"\" \/>\n<\/div>\n<p><label> Associa\u00e7\u00e3o \/ Empresa (obrigat\u00f3rio)<br \/>\n    <span class=\"wpcf7-form-control-wrap associacao-empresa\"><input type=\"text\" name=\"associacao-empresa\" value=\"\" size=\"40\" class=\"wpcf7-form-control wpcf7-text wpcf7-validates-as-required\" aria-required=\"true\" aria-invalid=\"false\" \/><\/span> <\/label><\/p>\n<p><label> Pessoa F\u00edsica \/ Jur\u00eddica (obrigat\u00f3rio)<br \/>\n    <span class=\"wpcf7-form-control-wrap fisica-juridica\"><span class=\"wpcf7-form-control wpcf7-checkbox wpcf7-validates-as-required wpcf7-exclusive-checkbox\" id=\"Escolha\"><span class=\"wpcf7-list-item first\"><label><span class=\"wpcf7-list-item-label\">Pessoa F\u00edsica<\/span><input type=\"checkbox\" name=\"fisica-juridica\" value=\"Pessoa F\u00edsica\" \/><\/label><\/span><span class=\"wpcf7-list-item last\"><label><span class=\"wpcf7-list-item-label\">Pessoa Jur\u00eddica<\/span><input type=\"checkbox\" name=\"fisica-juridica\" value=\"Pessoa Jur\u00eddica\" \/><\/label><\/span><\/span><\/span> <\/label><\/p>\n<p><label> Endere\u00e7o da Sede (obrigat\u00f3rio)<br \/>\n    <span class=\"wpcf7-form-control-wrap endereco-da-sede\"><input type=\"text\" name=\"endereco-da-sede\" value=\"\" size=\"40\" class=\"wpcf7-form-control wpcf7-text wpcf7-validates-as-required\" aria-required=\"true\" aria-invalid=\"false\" \/><\/span> <\/label><\/p>\n<p><label> Munic\u00edpio \/ Estado \/ CEP (obrigat\u00f3rio)<br \/>\n    <span class=\"wpcf7-form-control-wrap municipio-estado-cep\"><input type=\"text\" name=\"municipio-estado-cep\" value=\"\" size=\"40\" class=\"wpcf7-form-control wpcf7-text wpcf7-validates-as-required\" aria-required=\"true\" aria-invalid=\"false\" \/><\/span> <\/label><\/p>\n<p><label> Email (obrigat\u00f3rio)<br \/>\n    <span class=\"wpcf7-form-control-wrap email\"><input type=\"email\" name=\"email\" value=\"\" size=\"40\" class=\"wpcf7-form-control wpcf7-text wpcf7-email wpcf7-validates-as-required wpcf7-validates-as-email\" aria-required=\"true\" aria-invalid=\"false\" \/><\/span> <\/label><\/p>\n<p><label> Contatos (obrigat\u00f3rio)<br \/>\n    <span class=\"wpcf7-form-control-wrap contatos\"><input type=\"text\" name=\"contatos\" value=\"\" size=\"40\" class=\"wpcf7-form-control wpcf7-text wpcf7-validates-as-required\" aria-required=\"true\" aria-invalid=\"false\" \/><\/span> <\/label><\/p>\n<p><label> Fone \/ Fax (obrigat\u00f3rio)<br \/>\n    <span class=\"wpcf7-form-control-wrap fone-fax\"><input type=\"text\" name=\"fone-fax\" value=\"\" size=\"40\" class=\"wpcf7-form-control wpcf7-text wpcf7-validates-as-required\" aria-required=\"true\" aria-invalid=\"false\" \/><\/span> <\/label><\/p>\n<p><label> Associa\u00e7\u00e3o \/ Empresa (obrigat\u00f3rio)<br \/>\n    <span class=\"wpcf7-form-control-wrap associacao-empresa\"><input type=\"text\" name=\"associacao-empresa\" value=\"\" size=\"40\" class=\"wpcf7-form-control wpcf7-text wpcf7-validates-as-required\" aria-required=\"true\" aria-invalid=\"false\" \/><\/span> <\/label><\/p>\n<p><label>  Quantidade de \u00e1rvores \/ faces em resinagem \/ safra 2019\/2020 (obrigat\u00f3rio)<br \/>\n    <span class=\"wpcf7-form-control-wrap quantidade-de-arvores\"><input type=\"text\" name=\"quantidade-de-arvores\" value=\"\" size=\"40\" class=\"wpcf7-form-control wpcf7-text wpcf7-validates-as-required\" aria-required=\"true\" aria-invalid=\"false\" \/><\/span> <\/label><\/p>\n<p><label>  Estimativa de produ\u00e7\u00e3o da safra acima em toneladas (obrigat\u00f3rio)<br \/>\n    <span class=\"wpcf7-form-control-wrap estimativa-de-producao-da-safra\"><input type=\"text\" name=\"estimativa-de-producao-da-safra\" value=\"\" size=\"40\" class=\"wpcf7-form-control wpcf7-text wpcf7-validates-as-required\" aria-required=\"true\" aria-invalid=\"false\" \/><\/span> <\/label><\/p>\n<p><label>  Localiza\u00e7\u00e3o das Florestas:<br \/>\nMunic\u00edpio:<br \/>\n<span class=\"wpcf7-form-control-wrap municipio\"><input type=\"text\" name=\"municipio\" value=\"\" size=\"40\" class=\"wpcf7-form-control wpcf7-text wpcf7-validates-as-required\" aria-required=\"true\" aria-invalid=\"false\" \/><\/span><br \/>\nEst:<br \/>\n<span class=\"wpcf7-form-control-wrap est\"><input type=\"text\" name=\"est\" value=\"\" size=\"40\" class=\"wpcf7-form-control wpcf7-text wpcf7-validates-as-required\" aria-required=\"true\" aria-invalid=\"false\" \/><\/span><br \/>\nN\u00ba de \u00e1rvores\/faces:<br \/>\n<span class=\"wpcf7-form-control-wrap arvores-faces\"><input type=\"text\" name=\"arvores-faces\" value=\"\" size=\"40\" class=\"wpcf7-form-control wpcf7-text wpcf7-validates-as-required\" aria-required=\"true\" aria-invalid=\"false\" \/><\/span><br \/>\nEsp\u00e9cie:<br \/>\n<span class=\"wpcf7-form-control-wrap especie\"><input type=\"text\" name=\"especie\" value=\"\" size=\"40\" class=\"wpcf7-form-control wpcf7-text wpcf7-validates-as-required\" aria-required=\"true\" aria-invalid=\"false\" \/><\/span><br \/>\nIdade:<br \/>\n<span class=\"wpcf7-form-control-wrap idade\"><input type=\"text\" name=\"idade\" value=\"\" size=\"40\" class=\"wpcf7-form-control wpcf7-text wpcf7-validates-as-required\" aria-required=\"true\" aria-invalid=\"false\" \/><\/span><br \/>\nProdu\u00e7\u00e3o:<br \/>\n<span class=\"wpcf7-form-control-wrap producao\"><input type=\"text\" name=\"producao\" value=\"\" size=\"40\" class=\"wpcf7-form-control wpcf7-text wpcf7-validates-as-required\" aria-required=\"true\" aria-invalid=\"false\" \/><\/span><\/label><\/p>\n<p><label> OBS: Preencher caso n\u00e3o esteja resinando, que ramo atua:<br \/>\n    <span class=\"wpcf7-form-control-wrap ramo_atua\"><textarea name=\"ramo_atua\" cols=\"40\" rows=\"10\" class=\"wpcf7-form-control wpcf7-textarea\" aria-invalid=\"false\"><\/textarea><\/span> <\/label><\/p>\n<p><label> Autoriza a divulga\u00e7\u00e3o do seu endere\u00e7o na internet e outros:<br \/>\n<span class=\"wpcf7-form-control-wrap sim-nao\"><span class=\"wpcf7-form-control wpcf7-radio\" id=\"Qualopo\"><span class=\"wpcf7-list-item first\"><label><span class=\"wpcf7-list-item-label\">Sim<\/span><input type=\"radio\" name=\"sim-nao\" value=\"Sim\" checked=\"checked\" \/><\/label><\/span><span class=\"wpcf7-list-item last\"><label><span class=\"wpcf7-list-item-label\">N\u00e3o<\/span><input type=\"radio\" name=\"sim-nao\" value=\"N\u00e3o\" \/><\/label><\/span><\/span><\/span> <\/label><\/p>\n<p><label> Tornou-se associado em que data: (obrigat\u00f3rio)<br \/>\n    <span class=\"wpcf7-form-control-wrap data\"><input type=\"text\" name=\"data\" value=\"\" size=\"40\" class=\"wpcf7-form-control wpcf7-text wpcf7-validates-as-required\" aria-required=\"true\" aria-invalid=\"false\" \/><\/span> <\/label><\/p>\n<p><input type=\"submit\" value=\"Enviar\" class=\"wpcf7-form-control wpcf7-submit\" \/><\/p>\n<div class=\"wpcf7-response-output\" aria-hidden=\"true\"><\/div><\/form><\/div>[\/vc_column][\/vc_row]\n<\/div>","protected":false},"excerpt":{"rendered":"<p>[vc_row][vc_column][\/vc_column][\/vc_row]<\/p>\n","protected":false},"author":1,"featured_media":0,"parent":0,"menu_order":0,"comment_status":"closed","ping_status":"closed","template":"","meta":[],"_links":{"self":[{"href":"https:\/\/www.aresb.com.br\/portal\/wp-json\/wp\/v2\/pages\/53"}],"collection":[{"href":"https:\/\/www.aresb.com.br\/portal\/wp-json\/wp\/v2\/pages"}],"about":[{"href":"https:\/\/www.aresb.com.br\/portal\/wp-json\/wp\/v2\/types\/page"}],"author":[{"embeddable":true,"href":"https:\/\/www.aresb.com.br\/portal\/wp-json\/wp\/v2\/users\/1"}],"replies":[{"embeddable":true,"href":"https:\/\/www.aresb.com.br\/portal\/wp-json\/wp\/v2\/comments?post=53"}],"version-history":[{"count":5,"href":"https:\/\/www.aresb.com.br\/portal\/wp-json\/wp\/v2\/pages\/53\/revisions"}],"predecessor-version":[{"id":1663,"href":"https:\/\/www.aresb.com.br\/portal\/wp-json\/wp\/v2\/pages\/53\/revisions\/1663"}],"wp:attachment":[{"href":"https:\/\/www.aresb.com.br\/portal\/wp-json\/wp\/v2\/media?parent=53"}],"curies":[{"name":"wp","href":"https:\/\/api.w.org\/{rel}","templated":true}]}}